234 = -19. Calculate the greatest common factor of y and 1075.
43
Let p(u) = -2*u**2 - 32*u + 42. Let s be p(-17). Let i(y) = -7*y + 86. Let l be i(s). What is the highest common factor of l and 330?
30
Let g = 3423 + -959. Calculate the highest common divisor of 660 and g.
44
Suppose 14*m - 72 = 11*m. Let d be 2 + (-2)/4 + (-2)/4. Let w be (-1)/(-4)*26 - d/2. Calculate the highest common divisor of w and m.
6
Let w = 29586 - 17223. Calculate the greatest common factor of 39 and w.
39
Let q(j) = 616*j + 128. Let r be q(1). Calculate the highest common divisor of r and 1023.
93
Let u = 9966 + -5211. What is the highest common divisor of u and 15?
15
Suppose -242*m - 19*m = -80910. Calculate the highest common divisor of m and 220.
10
Let j be 14*(-3)/12*(-7480)/10. Let n be 4/6 + j/51. Calculate the greatest common factor of 208 and n.
52
Let j(l) = 297*l - 206. Let c be j(8). What is the highest common divisor of c and 93?
31
Suppose 2216 = 2*t + 4*u, -2*u = -2*t - 0*u + 2204. Suppose 6*b + 10*b = t. What is the highest common divisor of 3 and b?
3
Suppose -k - 5*q - 5 = 0, 0*k - q - 1 = -5*k. Suppose -2*c - 6*b + 170 = -b, k = 4*b. Let d = 16 + 1. Calculate the greatest common factor of c and d.
17
Let q(d) = 2*d**2 + 87*d - 1061. Let m be q(10). Calculate the highest common factor of 1323 and m.
9
Suppose -939*r = -805*r - 1608. Let o(v) = -v**3 - 4*v**2 + v - 5. Let t be o(-5). Suppose 75 = 5*w + t. Calculate the highest common divisor of r and w.
12
Suppose -23650 = 12188*j - 12213*j. Calculate the greatest common divisor of 176 and j.
22
Let n = -3276 + 12105. What is the greatest common divisor of 405 and n?
81
Let b = 2462 - 2443. Let h = -201 - -290. Let o = b + h. What is the greatest common divisor of 27 and o?
27
Let w(l) = l**3 - 7*l**2 - l - 5. Let q be w(4). Let t = -93 - q. Let i = 54 + t. What is the greatest common factor of 45 and i?
9
Suppose 0 = 254*f - 11*f - 5992 - 12719. What is the greatest common divisor of 3 and f?
1
Suppose 5*c - 4*w = 3226, 3235 = 5*c + 6*w - w. What is the highest common factor of 152 and c?
38
Suppose -17*w = -3*w - 2436. Suppose -22*c + w = -222. What is the highest common divisor of c and 18?
18
Let i(c) = -21*c - 25. Let k be i(-4). Let j(t) = 2*t - 1. Let z be j(3). Suppose -z*p - k + 269 = 0. Calculate the greatest common divisor of p and 14.
14
Let y be 15*(1 + 0 - 0). Let g be (-11660)/(-8162)*525/2. What is the greatest common divisor of y and g?
15
Suppose -i - 3*i + 128 = 0. Let q(k) = 59 + 6*k + 13*k**2 - 10*k**2 - 2*k**2 - 2*k. Let r be q(-7). What is the greatest common factor of i and r?
16
Suppose 50498*o + 2440 = 50508*o. What is the greatest common factor of o and 13664?
244
Suppose -7*r = 60*r - 8710. What is the greatest common factor of 754 and r?
26
Let h be 67478 + ((-28)/20 - (-6)/40*-4). What is the highest common divisor of h and 12?
12
Let q(r) = -17*r - 8. Let d be q(-10). Let g(f) = -4*f**2 + 35*f - 6. Let a be g(8). What is the highest common divisor of d and a?
18
Let l = 330 - 339. Let r be l/21 - 3699/(-7). Calculate the greatest common divisor of r and 33.
33
Let n be ((4/2)/(-2))/(-23 - 55638/(-2420)). What is the greatest common factor of n and 7810?
110
Let h(n) = 5*n - 5. Let l be h(2). Let m be 4*8 - (45/l - 6). Suppose 4*j - 71 = m. Calculate the highest common divisor of 75 and j.
25
Let p = 2921 - 1221. Suppose p = 27*u - 17*u. Calculate the greatest common factor of u and 10.
10
Let j be 10500/(-490)*((-296)/24 + 3). Suppose 0 = l - 4*z - 1 - 51, -3*z = 5*l - 191. Calculate the greatest common factor of j and l.
40
Suppose -6*n + 184 = 17*n. Let r(g) = -g**3 + 7*g**2 + 9*g - 5. Let u be r(n). Calculate the highest common factor of 48 and u.
3
Suppose 3*t = 5*x - 1070, 15*x - 16*x - 2*t + 227 = 0. What is the highest common factor of x and 23219?
217
Suppose 16*q - 20*q - 492 = 0. Let b = q - -131. Calculate the greatest common divisor of b and 112.
8
Suppose -431*l + 141610 = -142*l. Calculate the greatest common divisor of 70 and l.
70
Suppose 219*b = 82*b + 41655 + 38901. What is the greatest common factor of 204 and b?
12
Suppose 5*b = 4*b + p + 1096, 0 = -b + 4*p + 1084. Suppose 0 = 10*i - 4*c - 496, -2*i + 3*c + 3 + 127 = 0. What is the highest common factor of b and i?
44
Let y = 4950 - 2825. Calculate the greatest common factor of 17 and y.
17
Suppose -2*h - 20*h + 60522 = 0. Suppose 12*p + 375 = h. Calculate the highest common divisor of p and 22.
22
Let k = 0 - -62. Suppose -129*g + 132*g - 2418 = 0. What is the greatest common divisor of k and g?
62
Let k = 536 - 535. Suppose 2*v - 4*g = -2, 0 = 4*v - g + 3*g - 26. Suppose -2*w + 1 + v = 0. What is the greatest common factor of w and k?
1
Let g be -2 + (-24)/28*-7. Suppose -c - 12 = -0*c + 4*q, -g*c + 4*q = -52. Calculate the greatest common divisor of 88 and c.
8
Suppose 0 = 4*o + 2*u - 13582, -19*o + 2*u = -21*o + 6792. What is the greatest common factor of 35 and o?
35
Let h(l) = 6*l**2 - 48*l + 19. Let y be h(12). Suppose 3*m + 9 = 0, -4*m + 105 = -2*k + y. What is the highest common factor of 76 and k?
19
Suppose 3*a + 15 = 0, -z - 33 = -3*z - a. Suppose 23*s - 16*s = -840. Let k be (-8)/s*1149 - 3/5. Calculate the greatest common divisor of z and k.
19
Let h = -179 + 754. Suppose h = 5*a - 75. Let w = -94 + a. Calculate the greatest common divisor of w and 24.
12
Let n = -2662 + 2576. Let l(o) = o**3 + 6*o**2 + 7*o + 4. Let q be l(-6). Let h = q - n. Calculate the highest common factor of 12 and h.
12
Let p(l) = 8*l**3 - 13*l**2 + 2*l + 7. Let f be p(3). Let v = -227 - -479. Calculate the greatest common factor of f and v.
28
Suppose 4*o - 5*x = -781, -5*x + 445 = -2*o + 62. Let g = o + 219. Let t = -4 - -8. What is the highest common divisor of t and g?
4
Let l = 17 - 13. Suppose -2*v - 2*v - y + 53 = 0, 5*v = -l*y + 69. Suppose -4*z + 8 = -44. What is the greatest common divisor of v and z?
13
Let d(o) = -3*o**3 + 7*o**2 - 70*o - 164. Let y be d(-2). Let m be ((-240)/(-9) + -1)*3. Calculate the greatest common divisor of y and m.
7
Let d be -2 + 12 + -2*1. Suppose 32*u - 19*u + 30*u = 3483. Suppose u*r = 83*r - d. Calculate the greatest common factor of r and 36.
4
Suppose 0*o + 6 = o. Let t be (21/(-7))/(o/(-8)). Suppose 3*z - k - 59 = 0, -2*z + 18 + t = -5*k. What is the greatest common factor of z and 7?
7
Suppose -10*p = -42*p + 6624. Let i be 92/(-8)*4/(-2). Calculate the greatest common factor of i and p.
23
Suppose -2*c + 2598 = 2*p, -1804 = 5*c - 4*p - 8344. Calculate the greatest common divisor of c and 4.
4
Let a(b) = -b**2 - 146*b - 2030. Let q be a(-90). Calculate the highest common factor of 258 and q.
86
Let t(s) = -9*s - 66 - 75*s - 57*s. Let d be t(-3). Calculate the greatest common divisor of 153 and d.
51
Let s be 5185/21 - (-4)/42. Let h(p) = -p**2 - 32*p - 190. Let k be h(-13). Calculate the highest common divisor of k and s.
19
Let v = 1144 - 1096. Calculate the greatest common divisor of 276 and v.
12
Suppose 308 = -2*a - 3*m, 0 = -7*a + 3*a - 3*m - 628. Let s be a/48*3/(-2). Calculate the greatest common divisor of s and 2.
1
Let c = 14149 - 13312. Calculate the highest common divisor of 135 and c.
27
Let b(t) = -t**3 + 26*t**2 - 95*t - 40. Let n be b(5). Calculate the highest common factor of 3265 and n.
5
Let z = 0 + -24. Let c be 12*(10/35 - (-62)/28). Let u = z + c. What is the highest common factor of u and 114?
6
Suppose k + 0*y + y = 18, 0 = -4*y + 8. Let h = 398 - 244. Suppose h + 126 = 7*f. What is the greatest common divisor of f and k?
8
Let x(i) = -i**3 + 7*i**2 - 8*i + 9. Let v be x(6). Let j be ((-2)/(-3))/(3 + 7/v). What is the highest common factor of 3 and j?
1
Let b be (-2)/(-8) + 133/76. Suppose 314 = b*j - o, 4*o = -27*j + 25*j + 304. Calculate the greatest common divisor of j and 78.
78
Let p(f) = -27*f**3 + 2*f**2 - 4*f - 5. Let i be 3/(108/(-12)) + (-4)/6. Let s be p(i). What is the greatest common factor of s and 4?
4
Suppose 5*q + 41*w - 39*w - 3098 = 0, -q - 3*w + 617 = 0. Calculate the highest common factor of 279 and q.
31
Let f = -7647 - -7649. Suppose 3*w + 40 = 4*y - 3, 4*w + 6 = -2*y. Calculate the greatest common divisor of y and f.
1
Let y be 30/80 - (-19970)/80. Calculate the greatest common factor of 700 and y.
50
Let v(s) = 